 3*v. What are the prime factors of y?
2, 17
Suppose 5*n - 72 = 3*c, 0 = n - 2*c - 2*c - 28. What are the prime factors of n?
2, 3
Let k = -13 - -7. Let b = k - -6. Suppose -5*j + 14 + 4 = v, 5*j + 4*v - 27 = b. List the prime factors of j.
3
Let l(y) = 6*y**3 - 3*y - 1. Let q(c) = -2 + 0*c + c**2 - 4*c + 5*c**3 + 0*c. Let a(p) = -4*l(p) + 5*q(p). List the prime factors of a(-6).
2, 3
List the prime factors of -18*2*1/(-3).
2, 3
Let m(d) = -d**3 + 12*d**2 + 12*d + 16. Let l be m(13). Let z(c) = 2*c**2 - c - 4. What are the prime factors of z(l)?
11
Suppose -8*t - 86 = -10*t. List the prime factors of t.
43
Let w(x) = 4*x**2 - x + 2. Let l be w(-2). Suppose -l = -3*p + 43. List the prime factors of p.
3, 7
Let z(j) = j**3 - 8*j**2 + 8*j. List the prime factors of z(7).
7
Let c be -1*(-4 - 9/(-3)). Suppose -z + 4 = -c. List the prime factors of z.
5
List the prime factors of (-2)/7 - (-520)/56.
3
Let r be 5 - (-3 - -5) - 3. Suppose 2*d + 3*h + 97 - 30 = 0, r = -5*d - h - 200. Let c = -25 - d. What are the prime factors of c?
2
Let f(d) = d**3 - 2*d**2 + 2*d. Let j be f(2). Suppose -n + 2*x + 20 = 0, n - 2*x = -j*x + 40. Suppose -6*w + n = -3*w. List the prime factors of w.
2, 5
List the prime factors of (-6 - -9)/(9/318).
2, 53
Suppose 11 = -a + 4*r + 3, 0 = -a + 3*r - 6. Suppose -3*f + 2*j + a*j = -52, j + 47 = 3*f. List the prime factors of 0 + f/(6/3).
7
Let w be ((-28)/(-42))/((-4)/(-6)). Suppose 113 = 3*q + 5*n, -n = -0 - w. What are the prime factors of q?
2, 3
Let t = 8 - 11. Let f(b) = -5*b - 2. What are the prime factors of f(t)?
13
Let l(h) be the second derivative of 5*h**4/3 + h**3/6 - h**2/2 - 17*h. Let q be 0 - (2 + -2) - -1. What are the prime factors of l(q)?
2, 5
Let g(k) be the third derivative of k**5/60 + 7*k**4/24 + k**3/3 + 4*k**2. List the prime factors of g(-10).
2
Let h = -48 - -75. What are the prime factors of h?
3
Suppose k - 3*k = 0, -2*f = -3*k + 20. Let p be ((-3)/1)/(3/f). Suppose w = 2*v - p, -5*v + 2*w + 24 = -0*w. What are the prime factors of v?
2
What are the prime factors of ((-639)/6)/((-12)/16)?
2, 71
Suppose 3*x + 0 = 129. List the prime factors of x.
43
Let t = 233 - 48. What are the prime factors of t?
5, 37
Let g be (24/4)/(-2) + -3. Let j be ((-10)/3 + 2)*-15. Let w = g + j. List the prime factors of w.
2, 7
Let r = 210 - 105. List the prime factors of r.
3, 5, 7
Let o = 10 + -7. Suppose 4*g - 2 = o*g. Suppose g*a + 17 = 3*a. What are the prime factors of a?
17
Suppose -3*x + 0*x + 1028 = 4*h, -5*h - x = -1285. List the prime factors of h.
257
Let p(k) = k**3 - 7*k**2 + 10*k. Let w be p(7). Suppose -4*u + w = 2*a, 5*a = 12 + 13. List the prime factors of u.
3, 5
Let v = -17 - -22. Suppose 0*u = -4*r - 5*u + 223, -5*u - 335 = -v*r. What are the prime factors of r?
2, 31
Suppose 0*p = -2*p, 3*p - 5 = u. Let f = 11 + u. What are the prime factors of f?
2, 3
Let a(w) = 16*w - 13. List the prime factors of a(6).
83
List the prime factors of (1 + 116)*(-5)/(-15).
3, 13
Let t(f) = 3*f + 2*f + 3 - 4*f. Suppose 0 = -2*q + 3*m + 5, 3*m - 2*m - 25 = -2*q. List the prime factors of t(q).
13
Suppose 5*y + 2*m = 14, 0 = 5*y - y + m - 10. Suppose y*r = 4*h - 54, 0 + 21 = h + r. List the prime factors of h.
2
Suppose 0 = -5*c + 88 - 13. What are the prime factors of c?
3, 5
Let m be 1/((-3)/(66/(-2))). Let d = -4 + m. List the prime factors of d.
7
Suppose -4*i - 3 = 1. Let k be 3/i + (3 - -2). Suppose 0 = k*u - 7 - 21. List the prime factors of u.
2, 7
Suppose 31 = 4*m + 7. List the prime factors of (25/10)/(1/m).
3, 5
Suppose 2*o - 8 = 3*s, 7*o - 4*o - 3*s - 12 = 0. List the prime factors of 18*(o - 3) + -3.
3, 5
Suppose h = 5*y + 30, 2*h - 5*h - 3*y = 0. Suppose -l = -h*l + 52. List the prime factors of l.
13
Let s be -1 - (1 + 1)/(-2). Suppose -5*u + 2*u + 4*j = -24, s = -2*u - 3*j - 1. What are the prime factors of u?
2
What are the prime factors of 1/((-11)/2) - (-88849)/253?
3, 13
Let v = 5 - 0. What are the prime factors of v/20 + (-55)/(-4)?
2, 7
Suppose 0*j + 2*j + 1 = 3*o, -3*o + 9 = 0. Suppose -5*p + 5*h + 25 = 0, 3*p - j*h + 2*h - 12 = 0. Suppose p*r = 5*r - 27. What are the prime factors of r?
3
Let v(s) = 3*s - 7. Suppose -k - 7 = -2*k. List the prime factors of v(k).
2, 7
Let d be (-1 + -1)/((-1)/(-2)). Let j = 2 + d. Let x = j + 25. What are the prime factors of x?
23
Let x be -2 - -2 - 9/3. List the prime factors of (-63)/x - (-5 + 4).
2, 11
Suppose f - g = -4 - 2, 10 = -3*f + g. What are the prime factors of f + 24/(-9)*-6?
2, 7
Suppose -2*u = 6, -2*s - 3*u + 4*u + 11 = 0. Suppose s*y + 140 = 9*y. What are the prime factors of y?
2, 7
Let v = 6 + 81. What are the prime factors of v?
3, 29
Let r(g) = 3*g**2 - 2*g - 14. What are the prime factors of r(6)?
2, 41
Suppose v - z - 14 = 125, 2*z = v - 143. Suppose -3*m = -0*m - v. Suppose 3*d - m = -3. What are the prime factors of d?
2, 7
What are the prime factors of 109 - (3/(-9) + (-16)/6)?
2, 7
Let r(p) be the third derivative of 0 + 0*p**4 - p**2 - 1/6*p**3 + 0*p + 7/30*p**5. What are the prime factors of r(1)?
13
Suppose -3*u + 20 = u. Suppose 4*r - m + 0*m = 69, u*m = -4*r + 87. What are the prime factors of r?
2, 3
Let b = -19 + 102. What are the prime factors of b?
83
Suppose 2*i - 1125 = -469. Suppose -o + 102 - i = -5*h, -5*o - 50 = -h. Suppose 4*x + x = h. What are the prime factors of x?
3
Let a be ((-2)/(-3))/((-14)/(-105)). Suppose -v = -8 - a. What are the prime factors of v?
13
Let z(a) be the third derivative of 2/3*a**3 - 1/60*a**5 + 0*a + 3*a**2 + 0 - 1/4*a**4. List the prime factors of z(-4).
2, 3
Let a be 0 - -3 - (0 - -3). Let o = a - -5. Suppose o = g - 0. What are the prime factors of g?
5
Suppose 5*z - 10 = 3*y, 5*y - 1 - 4 = 4*z. Suppose 0 = 3*k - 4*s - 784, 4*s = y*k - s - 1310. List the prime factors of k/30 + 2/10.
3
Suppose 2*u + 4 = 2*a, 5*u - 2 = 2*a - 21. What are the prime factors of ((-1)/(-1)*a)/(-1)?
3
Let d = -4 - -8. Suppose -3*c = -d*r - 1, r + 5*c = 1 + 16. Suppose r*z + 0*q - 8 = 4*q, 0 = 3*z - q - 12. What are the prime factors of z?
2
Let b = 431 - 303. List the prime factors of b.
2
Let h be 2/9 - (-25)/9. Suppose h*o - 12 = -o. Suppose b - 11 + o = -j, -4*j + 27 = -b. What are the prime factors of j?
7
Let v = 2 + 0. Let t be -1 - v - 3*-2. Suppose -t = -3*y + 3. List the prime factors of y.
2
Suppose 19 = 3*g + 1. Suppose 13 - g = z. What are the prime factors of z?
7
Suppose z - 3*z - 6 = 0. Let r be z/6*(-48)/1. Suppose 0 = -4*m - 2*s + 18, -3*s = 4*m + s - r. List the prime factors of m.
3
Suppose -b - 7 = t - 0*t, 4*b + t + 28 = 0. Let k(s) = -5*s - 6. What are the prime factors of k(b)?
29
What are the prime factors of 2*(0 - -2) - 1 - -386?
389
Let s = -23 - -50. Let d = s + -10. List the prime factors of d.
17
Let i(c) be the second derivative of 0 - 1/12*c**4 - 5/6*c**3 + 5/2*c**2 - c. List the prime factors of i(-5).
5
Suppose 123 = 5*s + 3*c - 67, 5*s - 5*c - 150 = 0. List the prime factors of s.
5, 7
Suppose 4*q + q - 295 = 0. List the prime factors of q.
59
Suppose 96 = 3*y - y. Let b = -22 + y. What are the prime factors of b?
2, 13
Let k be (1 - (-3)/(-3)) + 0. Suppose 10 = 5*h - k*h. Suppose h = a, 5*a + 10 + 0 = 5*v. List the prime factors of v.
2
Let s(l) = l**3 + 5*l**2 - l - 4. Let m be s(-5). List the prime factors of 6*36/8 - m.
2, 13
Let c be 2/3*45/6. Suppose -c*h + 4 = -3*w + w, 4*h + w = -2. Suppose h = 3*t + v - 30, t - 10 = 2*v. List the prime factors of t.
2, 5
Suppose 0 = 3*j - 6*j - 4*h - 4, -j - 3*h - 8 = 0. Suppose 5*u + 5*w - 74 = 3*w, -5*u + j*w = -62. List the prime factors of u.
2, 7
Suppose 5*o - 9 = -4*k + 8, 0 = 5*k - 5*o - 10. Suppose 6 + 0 = k*c. List the prime factors of c.
2
Let t = 74 - 67. List the prime factors of t.
7
Suppose -2*c = 3*c + b - 303, 2*b = -4*c + 240. What are the prime factors of c?
61
What are the prime factors of (-196)/35*110/(-4)?
2, 7, 11
Let g = -1 - 5. Let v(q) = -q**3 - 6*q**2 - q - 6. Let y be v(g). Let j = 5 - y. List the prime factors of j.
5
Let f = -163 - -170. What are the prime factors of f?
7
Let d(s) = 7*s. List the prime factors of d(12).
2, 3, 7
Suppose n + 3*n - 5*d - 10 = 0, 9 = n + 2*d. Let z(y) = 6*y + 5. List the prime factors of z(n).
5, 7
Let z be -5 - -5 - 0/(-1). Suppose 3*k = -z*k + 6. Suppose k = -2*s + 16. What